{"id":72,"date":"2024-02-13T12:05:32","date_gmt":"2024-02-13T11:05:32","guid":{"rendered":"https:\/\/fvm-europe.com\/?page_id=72"},"modified":"2024-02-15T12:07:50","modified_gmt":"2024-02-15T11:07:50","slug":"support-marketing","status":"publish","type":"page","link":"https:\/\/fvm-europe.com\/index.php\/support-marketing\/","title":{"rendered":"Support marketing"},"content":{"rendered":"\n<p><strong>From Europa to Africa<\/strong><br>FVM regroupe des sp\u00e9cialistes de la grande distribution du marketing et de la grande exportation afin de proposer aux consommateurs africain des produits europ\u00e9ens de qualit\u00e9.<br><\/p>\n\n\n\n<div style=\"height:31px\" aria-hidden=\"true\" class=\"wp-block-spacer\"><\/div>\n\n\n\n<p><strong>Des produits en exclusivit\u00e9<\/strong><br>FVM n\u00e9gocie en direct avec les usines europ\u00e9ennes. Gr\u00e2ce au volume export\u00e9, FVM obtient l\u2019exclusivit\u00e9 pour la grande majorit\u00e9 des produits export\u00e9s. En contrepartie, FVM obtient de la part des producteurs d\u2019excellentes conditions dont elle fait b\u00e9n\u00e9ficier les distributeurs locaux (d\u00e9couvrez nos produits)<br><\/p>\n\n\n\n<div style=\"height:26px\" aria-hidden=\"true\" class=\"wp-block-spacer\"><\/div>\n\n\n\n<p><strong>Les piles<\/strong><\/p>\n\n\n\n<div style=\"height:31px\" aria-hidden=\"true\" class=\"wp-block-spacer\"><\/div>\n\n\n\n<div class=\"wp-block-columns is-layout-flex wp-container-core-columns-is-layout-28f84493 wp-block-columns-is-layout-flex\">\n<div class=\"wp-block-column is-layout-flow wp-block-column-is-layout-flow\">\n<figure class=\"wp-block-image size-full\"><img loading=\"lazy\" decoding=\"async\" width=\"199\" height=\"55\" src=\"https:\/\/fvm-europe.com\/wp-content\/uploads\/2024\/02\/produit1.jpg\" alt=\"\" class=\"wp-image-188\"\/><\/figure>\n<\/div>\n\n\n\n<div class=\"wp-block-column is-layout-flow wp-block-column-is-layout-flow\">\n<figure class=\"wp-block-image aligncenter size-full\"><img loading=\"lazy\" decoding=\"async\" width=\"199\" height=\"78\" src=\"https:\/\/fvm-europe.com\/wp-content\/uploads\/2024\/02\/produit2.jpg\" alt=\"\" class=\"wp-image-189\"\/><\/figure>\n<\/div>\n\n\n\n<div class=\"wp-block-column is-layout-flow wp-block-column-is-layout-flow\">\n<figure class=\"wp-block-image aligncenter size-full\"><img loading=\"lazy\" decoding=\"async\" width=\"95\" height=\"115\" src=\"https:\/\/fvm-europe.com\/wp-content\/uploads\/2024\/02\/produit3.jpg\" alt=\"\" class=\"wp-image-190\"\/><\/figure>\n<\/div>\n<\/div>\n\n\n\n<div style=\"height:29px\" aria-hidden=\"true\" class=\"wp-block-spacer\"><\/div>\n\n\n\n<p><strong>La mayonnaise<\/strong><\/p>\n\n\n\n<div style=\"height:31px\" aria-hidden=\"true\" class=\"wp-block-spacer\"><\/div>\n\n\n\n<div class=\"wp-block-columns is-layout-flex wp-container-core-columns-is-layout-28f84493 wp-block-columns-is-layout-flex\">\n<div class=\"wp-block-column is-layout-flow wp-block-column-is-layout-flow\">\n<figure class=\"wp-block-image aligncenter size-full\"><img loading=\"lazy\" decoding=\"async\" width=\"102\" height=\"98\" src=\"https:\/\/fvm-europe.com\/wp-content\/uploads\/2024\/02\/produit21.jpg\" alt=\"\" class=\"wp-image-191\"\/><\/figure>\n<\/div>\n\n\n\n<div class=\"wp-block-column is-layout-flow wp-block-column-is-layout-flow\">\n<figure class=\"wp-block-image size-full\"><img loading=\"lazy\" decoding=\"async\" width=\"376\" height=\"131\" src=\"https:\/\/fvm-europe.com\/wp-content\/uploads\/2024\/02\/produit22.jpg\" alt=\"\" class=\"wp-image-192\" srcset=\"https:\/\/fvm-europe.com\/wp-content\/uploads\/2024\/02\/produit22.jpg 376w, https:\/\/fvm-europe.com\/wp-content\/uploads\/2024\/02\/produit22-300x105.jpg 300w\" sizes=\"auto, (max-width: 376px) 100vw, 376px\" \/><\/figure>\n<\/div>\n<\/div>\n\n\n\n<div style=\"height:25px\" aria-hidden=\"true\" class=\"wp-block-spacer\"><\/div>\n\n\n\n<p><strong>La confiserie<\/strong><\/p>\n\n\n\n<div style=\"height:51px\" aria-hidden=\"true\" class=\"wp-block-spacer\"><\/div>\n\n\n\n<div class=\"wp-block-columns is-layout-flex wp-container-core-columns-is-layout-28f84493 wp-block-columns-is-layout-flex\">\n<div class=\"wp-block-column is-layout-flow wp-block-column-is-layout-flow\">\n<figure class=\"wp-block-image aligncenter size-full\"><img loading=\"lazy\" decoding=\"async\" width=\"185\" height=\"45\" src=\"https:\/\/fvm-europe.com\/wp-content\/uploads\/2024\/02\/produit31.jpg\" alt=\"\" class=\"wp-image-193\"\/><\/figure>\n<\/div>\n\n\n\n<div class=\"wp-block-column is-layout-flow wp-block-column-is-layout-flow\">\n<figure class=\"wp-block-image aligncenter size-full\"><img loading=\"lazy\" decoding=\"async\" width=\"72\" height=\"91\" src=\"https:\/\/fvm-europe.com\/wp-content\/uploads\/2024\/02\/produit32.jpg\" alt=\"\" class=\"wp-image-194\"\/><\/figure>\n<\/div>\n\n\n\n<div class=\"wp-block-column is-layout-flow wp-block-column-is-layout-flow\">\n<figure class=\"wp-block-image aligncenter size-full\"><img loading=\"lazy\" decoding=\"async\" width=\"48\" height=\"101\" src=\"https:\/\/fvm-europe.com\/wp-content\/uploads\/2024\/02\/produit33.jpg\" alt=\"\" class=\"wp-image-195\"\/><\/figure>\n<\/div>\n\n\n\n<div class=\"wp-block-column is-layout-flow wp-block-column-is-layout-flow\">\n<figure class=\"wp-block-image aligncenter size-full\"><img loading=\"lazy\" decoding=\"async\" width=\"90\" height=\"89\" src=\"https:\/\/fvm-europe.com\/wp-content\/uploads\/2024\/02\/produit34.jpg\" alt=\"\" class=\"wp-image-196\"\/><\/figure>\n<\/div>\n<\/div>\n\n\n\n<div class=\"wp-block-columns is-layout-flex wp-container-core-columns-is-layout-28f84493 wp-block-columns-is-layout-flex\">\n<div class=\"wp-block-column is-layout-flow wp-block-column-is-layout-flow\">\n<figure class=\"wp-block-image aligncenter size-full\"><img loading=\"lazy\" decoding=\"async\" width=\"126\" height=\"45\" src=\"https:\/\/fvm-europe.com\/wp-content\/uploads\/2024\/02\/produit35.jpg\" alt=\"\" class=\"wp-image-197\"\/><\/figure>\n<\/div>\n\n\n\n<div class=\"wp-block-column is-layout-flow wp-block-column-is-layout-flow\">\n<figure class=\"wp-block-image aligncenter size-full\"><img loading=\"lazy\" decoding=\"async\" width=\"72\" height=\"70\" src=\"https:\/\/fvm-europe.com\/wp-content\/uploads\/2024\/02\/produit36.jpg\" alt=\"\" class=\"wp-image-198\"\/><\/figure>\n<\/div>\n\n\n\n<div class=\"wp-block-column is-layout-flow wp-block-column-is-layout-flow\">\n<figure class=\"wp-block-image aligncenter size-full\"><img loading=\"lazy\" decoding=\"async\" width=\"104\" height=\"54\" src=\"https:\/\/fvm-europe.com\/wp-content\/uploads\/2024\/02\/produit37.jpg\" alt=\"\" class=\"wp-image-199\"\/><\/figure>\n<\/div>\n\n\n\n<div class=\"wp-block-column is-layout-flow wp-block-column-is-layout-flow\">\n<figure class=\"wp-block-image aligncenter size-full\"><img loading=\"lazy\" decoding=\"async\" width=\"104\" height=\"54\" src=\"https:\/\/fvm-europe.com\/wp-content\/uploads\/2024\/02\/produit38.jpg\" alt=\"\" class=\"wp-image-200\"\/><\/figure>\n<\/div>\n<\/div>\n\n\n\n<div class=\"wp-block-columns is-layout-flex wp-container-core-columns-is-layout-28f84493 wp-block-columns-is-layout-flex\">\n<div class=\"wp-block-column is-layout-flow wp-block-column-is-layout-flow\">\n<figure class=\"wp-block-image aligncenter size-full\"><img loading=\"lazy\" decoding=\"async\" width=\"254\" height=\"133\" src=\"https:\/\/fvm-europe.com\/wp-content\/uploads\/2024\/02\/produit39.jpg\" alt=\"\" class=\"wp-image-201\"\/><\/figure>\n<\/div>\n\n\n\n<div class=\"wp-block-column is-layout-flow wp-block-column-is-layout-flow\">\n<figure class=\"wp-block-image aligncenter size-full\"><img loading=\"lazy\" decoding=\"async\" width=\"164\" height=\"125\" src=\"https:\/\/fvm-europe.com\/wp-content\/uploads\/2024\/02\/produit40.jpg\" alt=\"\" class=\"wp-image-202\"\/><\/figure>\n<\/div>\n\n\n\n<div class=\"wp-block-column is-layout-flow wp-block-column-is-layout-flow\">\n<figure class=\"wp-block-image aligncenter size-full\"><img loading=\"lazy\" decoding=\"async\" width=\"95\" height=\"96\" src=\"https:\/\/fvm-europe.com\/wp-content\/uploads\/2024\/02\/produit41.jpg\" alt=\"\" class=\"wp-image-203\"\/><\/figure>\n<\/div>\n\n\n\n<div class=\"wp-block-column is-layout-flow wp-block-column-is-layout-flow\">\n<figure class=\"wp-block-image aligncenter size-full\"><img loading=\"lazy\" decoding=\"async\" width=\"95\" height=\"96\" src=\"https:\/\/fvm-europe.com\/wp-content\/uploads\/2024\/02\/produit42.jpg\" alt=\"\" class=\"wp-image-204\"\/><\/figure>\n<\/div>\n<\/div>\n\n\n\n<div style=\"height:64px\" aria-hidden=\"true\" class=\"wp-block-spacer\"><\/div>\n\n\n\n<p><strong>Une organisation efficace<\/strong><br>FVM s\u2019occupe de tout. Une fois les prix fix\u00e9s avec les acheteurs, ceux-ci peuvent commander directement en ligne sur notre site. La marchandise est livr\u00e9 directement dans le d\u00e9p\u00f4t des enseignes. FVM s\u2019est occup\u00e9 du transport, de la douane\u2026 (d\u00e9couvrez le r\u00f4le de nos \u00e9quipes locales)<br><\/p>\n\n\n\n<div style=\"height:31px\" aria-hidden=\"true\" class=\"wp-block-spacer\"><\/div>\n\n\n\n<p><strong>Un support local<\/strong><br>Dans chacun des pays distribu\u00e9s, VFM s\u2019appuie sur une \u00e9quipe de collaborateurs locaux qui connaissent bien les habitudes et les acteurs. Cette \u00e9quipe est compos\u00e9e de logisticiens, commerciaux et h\u00f4tesses pour augmenter les r\u00e9sultats sur les points de vente<br><\/p>\n\n\n\n<div style=\"height:32px\" aria-hidden=\"true\" class=\"wp-block-spacer\"><\/div>\n\n\n\n<div style=\"height:31px\" aria-hidden=\"true\" class=\"wp-block-spacer\"><\/div>\n","protected":false},"excerpt":{"rendered":"<p>From Europa to AfricaFVM regroupe des sp\u00e9cialistes de la grande distribution du marketing et de la grande exportation afin de proposer aux consommateurs africain des produits europ\u00e9ens de qualit\u00e9. Des produits en exclusivit\u00e9FVM n\u00e9gocie en direct avec les usines europ\u00e9ennes. Gr\u00e2ce au volume export\u00e9, FVM obtient l\u2019exclusivit\u00e9 pour la grande majorit\u00e9 des produits export\u00e9s. En [&hellip;]<\/p>\n","protected":false},"author":1,"featured_media":0,"parent":0,"menu_order":0,"comment_status":"closed","ping_status":"closed","template":"","meta":{"footnotes":""},"class_list":["post-72","page","type-page","status-publish","hentry"],"_links":{"self":[{"href":"https:\/\/fvm-europe.com\/index.php\/wp-json\/wp\/v2\/pages\/72","targetHints":{"allow":["GET"]}}],"collection":[{"href":"https:\/\/fvm-europe.com\/index.php\/wp-json\/wp\/v2\/pages"}],"about":[{"href":"https:\/\/fvm-europe.com\/index.php\/wp-json\/wp\/v2\/types\/page"}],"author":[{"embeddable":true,"href":"https:\/\/fvm-europe.com\/index.php\/wp-json\/wp\/v2\/users\/1"}],"replies":[{"embeddable":true,"href":"https:\/\/fvm-europe.com\/index.php\/wp-json\/wp\/v2\/comments?post=72"}],"version-history":[{"count":8,"href":"https:\/\/fvm-europe.com\/index.php\/wp-json\/wp\/v2\/pages\/72\/revisions"}],"predecessor-version":[{"id":205,"href":"https:\/\/fvm-europe.com\/index.php\/wp-json\/wp\/v2\/pages\/72\/revisions\/205"}],"wp:attachment":[{"href":"https:\/\/fvm-europe.com\/index.php\/wp-json\/wp\/v2\/media?parent=72"}],"curies":[{"name":"wp","href":"https:\/\/api.w.org\/{rel}","templated":true}]}}